0 a multiple of 95?
True
Does 3 divide 2730?
True
Does 24 divide 1176?
True
Is 26 a factor of 12714?
True
Does 8 divide 47264?
True
Is 9520 a multiple of 70?
True
Is 1725 a multiple of 15?
True
Does 19 divide 554?
False
Does 4 divide 570?
False
Is 54 a factor of 2268?
True
Is 33588 a multiple of 311?
True
Does 36 divide 2659?
False
Is 14135 a multiple of 11?
True
Is 2 a factor of 492?
True
Is 25 a factor of 29500?
True
Does 11 divide 5082?
True
Does 3 divide 249?
True
Is 79299 a multiple of 81?
True
Is 14929 a multiple of 64?
False
Does 5 divide 350?
True
Does 10 divide 20474?
False
Does 26 divide 1040?
True
Is 14 a factor of 14059?
False
Does 39 divide 49?
False
Is 12 a factor of 3444?
True
Is 9 a factor of 1026?
True
Does 15 divide 19375?
False
Does 8 divide 250?
False
Is 5 a factor of 5365?
True
Does 3 divide 599?
False
Does 14 divide 38153?
False
Is 2 a factor of 61?
False
Is 13 a factor of 1126?
False
Is 28 a factor of 24556?
True
Is 7 a factor of 4655?
True
Is 140 a multiple of 35?
True
Does 6 divide 648?
True
Does 7 divide 1904?
True
Is 17 a factor of 1938?
True
Does 82 divide 574?
True
Is 37 a factor of 923?
False
Does 103 divide 4944?
True
Is 912 a multiple of 16?
True
Does 19 divide 196?
False
Is 31 a multiple of 4?
False
Is 15249 a multiple of 68?
False
Is 12180 a multiple of 13?
False
Is 10 a factor of 1610?
True
Is 8449 a multiple of 2?
False
Is 7856 a multiple of 76?
False
Is 61 a factor of 29768?
True
Is 18 a factor of 130131?
False
Does 15 divide 1582?
False
Does 99 divide 40491?
True
Is 89550 a multiple of 225?
True
Does 22 divide 1222?
False
Is 10303 a multiple of 31?
False
Is 100 a multiple of 5?
True
Is 6 a factor of 843?
False
Does 26 divide 16338?
False
Is 3323 a multiple of 13?
False
Is 84 a factor of 2184?
True
Is 122248 a multiple of 413?
True
Is 5 a factor of 745?
True
Does 86 divide 15222?
True
Is 4 a multiple of 4?
True
Does 16 divide 1648?
True
Is 423 a multiple of 47?
True
Is 8 a factor of 6002?
False
Does 50 divide 1900?
True
Is 1476 a multiple of 18?
True
Does 85 divide 85?
True
Is 91 a factor of 40487?
False
Does 35 divide 1342?
False
Is 1106 a multiple of 14?
True
Is 240 a multiple of 3?
True
Is 22 a factor of 16698?
True
Does 139 divide 13205?
True
Is 340 a multiple of 17?
True
Does 172 divide 20640?
True
Is 143 a factor of 44473?
True
Does 81 divide 4779?
True
Is 120 a multiple of 15?
True
Is 7117 a multiple of 9?
False
Does 3 divide 153?
True
Is 4 a factor of 787?
False
Is 30 a factor of 319?
False
Is 9 a factor of 32960?
False
Is 20 a factor of 1926?
False
Is 1488 a multiple of 13?
False
Is 50 a factor of 6050?
True
Is 142 a factor of 6532?
True
Is 13 a factor of 5665?
False
Does 11 divide 825?
True
Is 55606 a multiple of 202?
False
Is 96 a factor of 3311?
False
Is 3 a factor of 144?
True
Does 45 divide 2970?
True
Is 280 a multiple of 3?
False
Is 121 a multiple of 20?
False
Does 2 divide 916?
True
Does 7 divide 140?
True
Does 162 divide 10735?
False
Does 33 divide 16104?
True
Does 7 divide 132?
False
Is 47 a factor of 64507?
False
Is 8 a factor of 219?
False
Is 9 a factor of 9423?
True
Does 25 divide 2225?
True
Is 34 a factor of 1428?
True
Is 99174 a multiple of 176?
False
Is 4 a factor of 32?
True
Is 1189 a multiple of 41?
True
Is 24 a factor of 2592?
True
Does 67 divide 35861?
False
Is 12 a factor of 471?
False
Is 4 a factor of 267?
False
Is 15 a factor of 6855?
True
Is 9847 a multiple of 43?
True
Is 10 a factor of 585?
False
Is 3146 a multiple of 13?
True
Does 5 divide 2014?
False
Is 9 a factor of 765?
True
Is 64 a factor of 1290?
False
Is 386 even?
True
Is 24131 a multiple of 32?
False
Is 5872 a multiple of 11?
False
Is 5 a factor of 707?
False
Is 21 a factor of 26269?
False
Is 14 a multiple of 6?
False
Is 112 a multiple of 14?
True
Is 820 a multiple of 10?
True
Is 17 a factor of 17?
True
Is 9090 a multiple of 32?
False
Does 42 divide 378?
True
Is 489 a multiple of 92?
False
Does 12 divide 2574?
False
Is 35 a factor of 927?
False
Is 227 a factor of 64922?
True
Is 61 a factor of 17385?
True
Is 23 a factor of 2847?
False
Does 133 divide 2394?
True
Is 4 a factor of 5284?
True
Is 8 a factor of 5197?
False
Does 5 divide 1518?
False
Does 44 divide 24830?
False
Is 3080 a multiple of 4?
True
Does 6 divide 1460?
False
Is 444 a multiple of 74?
True
Is 27 a factor of 702?
True
Does 66 divide 7284?
False
Is 10 a factor of 2129?
False
Is 44 a factor of 40762?
False
Is 20 a factor of 6160?
True
Is 8 a factor of 1824?
True
Is 17368 a multiple of 10?
False
Is 6095 a multiple of 57?
False
Is 10 a factor of 47875?
False
Is 408 a multiple of 4?
True
Is 434 a multiple of 14?
True
Does 30 divide 420?
True
Does 7 divide 213?
False
Is 40 a factor of 31040?
True
Is 51789 a multiple of 183?
True
Does 26 divide 22958?
True
Is 138 a factor of 16974?
True
Is 49 a factor of 196?
True
Is 37 a multiple of 4?
False
Is 9078 a multiple of 89?
True
Does 9 divide 28544?
False
Is 930 a multiple of 13?
False
Does 69 divide 1182?
False
Is 35 a factor of 5819?
False
Does 17 divide 54876?
True
Is 50 a factor of 24697?
False
Is 158 a multiple of 2?
True
Is 5 a factor of 9498?
False
Is 13026 a multiple of 7?
False
Is 10 a factor of 570?
True
Is 107 a factor of 2675?
True
Is 13 a factor of 10554?
False
Is 89 a factor of 2937?
True
Is 1472 a multiple of 4?
True
Is 662 a multiple of 22?
False
Is 108 a factor of 7344?
True
Is 107 a factor of 321?
True
Does 134 divide 11792?
True
Is 15 a factor of 39?
False
Is 16 a multiple of 4?
True
Does 8 divide 32?
True
Is 13 a factor of 328?
False
Does 34 divide 612?
True
Is 171 a factor of 47367?
True
Is 78 a factor of 5126?
False
Is 156 a multiple of 52?
True
Is 3087 a multiple of 7?
True
Is 576 a multiple of 12?
True
Does 15 divide 2864?
False
Does 47 divide 2016?
False
Is 87 a factor of 21663?
True
Does 35 divide 345?
False
Is 222 a factor of 11926?
False
Does 74 divide 814?
True
Does 8 divide 6519?
False
Is 23614 a multiple of 170?
False
Is 15 a factor of 6607?
False
Is 2772 a multiple of 84?
True
Is 665 a multiple of 20?
False
Is 289 a multiple of 6?
False
Does 9 divide 1418?
False
Is 53 a factor of 1367?
False
Is 36231 a multiple of 31?
False
Is 406 a multiple of 29?
True
Is 228 a multiple of 19?
True
Is 12 a factor of 29520?
True
Is 39 a multiple of 2?
False
Is 1007 a multiple of 19?
True
Is 33 a factor of 4455?
True
Is 33 a factor of 14718?
True
Does 15 divide 9345?
True
Is 35 a factor of 1831?
False
Is 904 a multiple of 113?
True
Is 15 a factor of 174?
False
Is 4675 a multiple of 5?
True
Is 11 a factor of 3696?
True
Does 38 divide 576?
False
Does 41 divide 897?
False
Is 913 a multiple of 64?
False
Does 65 divide 30397?
False
Is 676 a multiple of 7?
False
Is 15 a factor of 735?
True
Does 3 divide 123?
True
Does 17 divide 7085?
False
Is 170 a factor of 21357?
False
Is 4607 a multiple of 2?
False
Does 27 divide 1809?
True
Is 1657 a multiple of 13?
False
Is 3127 a multiple of 28?
False
Is 4 a factor of 648?
True
Is 18 a factor of 3040?
False
Does 45 divide 9577?
False
Is 3813 even?
False
Is 59 a factor of 531?
True
Is 11 a factor of 508?
False
Does 66 divide 792?
True
Does 61 divide 3286?
False
Is 1677 a multiple of 24?
False
Does 27 divide 6439?
False
Is 21 a factor of 81501?
True
Is 5488 a multiple of 8?
True
Is 8492 a multiple of 11?
True
Does 21 divide 3360?
True
Is 27 a factor of 571?
False
Is 13 a factor of 586?
False
Does 46 divide 2659?
False
Does 81 divide 2673?
True
Does 32 divide 32?
True
Is 455 a multiple of 17?
False
Is 1061 a multiple of 23?
False
Is 140 a factor of 100706?
False
Is 11 a factor of 3553?
True
Is 14 a factor of 726?
False
Does 10 divide 11022?
False
Is 2310 a multiple of 7?
True
Is 57 a factor of 142010?
False
Does 62 divide 541?
False
Is 70 a factor of 8299?
False
Is 18126 a multiple of 6?
True
Does 79 divide 10164?
False
Is 123757 a multiple of 12?
False
Does 29 divide 1189?
True
Is 37 a factor of 23384?
True
Is 823 a multiple of 6?
False
Does 15 divide 945?
True
Does 23 divide 1150?
True
Does 28 divide 1007?
False
Is 37 a multiple of 21?
False
Does 13 divide 39?
True
Is 1180 a multiple of 65?
False
Is 154267 a multiple of 468?
False
Is 1253 a multiple of 34?
False
Does 72 divide 16355?
False
Is 963 a multiple of 11?
False
Is 2234 a multiple of 69?
False
Is 7 a factor o